What is the thousands digit of 8386?
8
What is the hundreds digit of 4036?
0
What is the hundreds digit of 1375?
3
What is the units digit of 19861?
1
What is the ten thousands digit of 11205?
1
What is the ten thousands digit of 11588?
1
What is the hundreds digit of 55847?
8
What is the hundreds digit of 10076?
0
What is the units digit of 3600?
0
What is the hundreds digit of 2947?
9
What is the tens digit of 2481?
8
What is the units digit of 80265?
5
What is the thousands digit of 75475?
5
What is the tens digit of 777?
7
What is the tens digit of 12944?
4
What is the units digit of 777?
7
What is the thousands digit of 55707?
5
What is the hundreds digit of 211?
2
What is the ten thousands digit of 16897?
1
What is the units digit of 34077?
7
What is the hundreds digit of 126839?
8
What is the units digit of 4709?
9
What is the units digit of 32241?
1
What is the hundreds digit of 19514?
5
What is the tens digit of 2480?
8
What is the tens digit of 4062?
6
What is the hundreds digit of 9361?
3
What is the hundreds digit of 41525?
5
What is the units digit of 808?
8
What is the hundreds digit of 6030?
0
What is the hundreds digit of 328?
3
What is the tens digit of 809?
0
What is the tens digit of 2125?
2
What is the thousands digit of 155326?
5
What is the hundreds digit of 92255?
2
What is the tens digit of 3340?
4
What is the ten thousands digit of 12667?
1
What is the tens digit of 554?
5
What is the ten thousands digit of 26293?
2
What is the units digit of 81534?
4
What is the tens digit of 5189?
8
What is the ten thousands digit of 12368?
1
What is the units digit of 2237?
7
What is the ten thousands digit of 85940?
8
What is the hundreds digit of 14212?
2
What is the units digit of 1595?
5
What is the hundreds digit of 3131?
1
What is the tens digit of 6868?
6
What is the tens digit of 3641?
4
What is the units digit of 365?
5
What is the units digit of 2564?
4
What is the tens digit of 509?
0
What is the hundreds digit of 8175?
1
What is the thousands digit of 89667?
9
What is the thousands digit of 75229?
5
What is the units digit of 110670?
0
What is the hundreds digit of 176441?
4
What is the thousands digit of 28197?
8
What is the hundreds digit of 2226?
2
What is the hundreds digit of 648?
6
What is the units digit of 72906?
6
What is the units digit of 6798?
8
What is the tens digit of 701?
0
What is the hundreds digit of 9746?
7
What is the tens digit of 1343?
4
What is the hundreds digit of 39169?
1
What is the thousands digit of 92241?
2
What is the ten thousands digit of 68561?
6
What is the thousands digit of 109393?
9
What is the units digit of 1669?
9
What is the ten thousands digit of 53434?
5
What is the tens digit of 129?
2
What is the hundreds digit of 5869?
8
What is the ten thousands digit of 11600?
1
What is the hundreds digit of 8751?
7
What is the tens digit of 407?
0
What is the thousands digit of 6109?
6
What is the units digit of 1812?
2
What is the tens digit of 54732?
3
What is the tens digit of 984?
8
What is the units digit of 1218?
8
What is the units digit of 700?
0
What is the thousands digit of 5586?
5
What is the tens digit of 3198?
9
What is the hundreds digit of 1577?
5
What is the thousands digit of 8085?
8
What is the hundreds digit of 364?
3
What is the tens digit of 39704?
0
What is the tens digit of 1601?
0
What is the tens digit of 6203?
0
What is the tens digit of 368?
6
What is the units digit of 1308?
8
What is the hundreds digit of 10186?
1
What is the units digit of 1637?
7
What is the tens digit of 1465?
6
What is the thousands digit of 7362?
7
What is the tens digit of 1481?
8
What is the thousands digit of 14993?
4
What is the thousands digit of 2135?
2
What is the hundreds digit of 149848?
8
What is the ten thousands digit of 27361?
2
What is the units digit of 464?
4
What is the units digit of 2001?
1
What is the tens digit of 4084?
8
What is the hundreds digit of 1973?
9
What is the ten thousands digit of 127622?
2
What is the thousands digit of 14696?
4
What is the tens digit of 613?
1
What is the hundreds digit of 18130?
1
What is the ten thousands digit of 13416?
1
What is the thousands digit of 2159?
2
What is the thousands digit of 4855?
4
What is the hundreds digit of 4129?
1
What is the tens digit of 4754?
5
What is the hundreds digit of 5862?
8
What is the thousands digit of 2842?
2
What is the units digit of 4003?
3
What is the units digit of 522?
2
What is the units digit of 377?
7
What is the tens digit of 9053?
5
What is the thousands digit of 4186?
4
What is the hundreds digit of 2723?
7
What is the hundreds digit of 135?
1
What is the hundreds digit of 89143?
1
What is the thousands digit of 4126?
4
What is the tens digit of 617?
1
What is the hundreds digit of 1663?
6
What is the thousands digit of 56204?
6
What is the hundreds digit of 3357?
3
What is the hundreds digit of 35158?
1
What is the hundreds digit of 1165?
1
What is the units digit of 31920?
0
What is the thousands digit of 41874?
1
What is the hundreds digit of 1662?
6
What is the units digit of 12690?
0
What is the hundreds digit of 6642?
6
What is the tens digit of 2555?
5
What is the hundreds digit of 2721?
7
What is the thousands digit of 60959?
0
What is the tens digit of 41?
4
What is the units digit of 4362?
2
What is the thousands digit of 11410?
1
What is the thousands digit of 125832?
5
What is the ten thousands digit of 54932?
5
What is the thousands digit of 78657?
8
What is the hundreds digit of 1252?
2
What is the tens digit of 6102?
0
What is the hundreds digit of 676?
6
What is the ten thousands digit of 27055?
2
What is the tens digit of 359?
5
What is the thousands digit of 39172?
9
What is the hundreds digit of 1136?
1
What is the thousands digit of 8959?
8
What is the hundred thousands digit of 186666?
1
What is the thousands digit of 2718?
2
What is the tens digit of 9080?
8
What is the hundreds digit of 26953?
9
What is the hundreds digit of 982?
9
What is the thousands digit of 2474?
2
What is the tens digit of 7605?
0
What is the ten thousands digit of 63727?
6
What is the units digit of 32395?
5
What is the thousands digit of 7750?
7
What is the tens digit of 57095?
9
What is the tens digit of 6598?
9
What is the thousands digit of 1524?
1
What is the units digit of 945?
5
What is the units digit of 1288?
8
What is the hundreds digit of 25039?
0
What is the hundreds digit of 33364?
3
What is the ten thousands digit of 39098?
3
What is the hundreds digit of 994?
9
What is the hundreds digit of 4056?
0
What is the thousands digit of 9135?
9
What is the ten thousands digit of 24729?
2
What is the units digit of 3112?
2
What is the tens digit of 1826?
2
What is the tens digit of 24220?
2
What is the ten thousands digit of 45156?
4
What is the thousands digit of 16375?
6
What is the units digit of 81847?
7
What is the tens digit of 1570?
7
What is the tens digit of 6124?
2
What is the hundreds digit of 1697?
6
What is the units digit of 1755?
5
What is the tens digit of 15688?
8
What is the hundreds digit of 2210?
2
What is the tens digit of 146?
4
What is the tens digit of 646?
4
What is the ten thousands digit of 18038?
1
What is the tens digit of 278?
7
What is the ten thousands digit of 40672?
4
What is the tens digit of 4039?
3
What is the tens digit of 15416?
1
What is the units digit of 3069?
9
What is the hundreds digit of 4694?
6
What is the hundreds digit of 1319?
3
What is the thousands digit of 12595?
2
What is the thousands digit of 1136?
1
What is the units digit of 18794?
4
What is the hundreds digit of 12914?
9
What is the tens digit of 497?
9
What is the tens digit of 5040?
4
What is the units digit of 37?
7
What is the hundreds digit of 10593?
5
What is the hundreds digit of 4180?
1
What is the hundreds digit of 906?
9
What is the units digit of 127?
7
What is the hundreds digit of 1381?
3
What is the thousands digit of 5673?
5
What is the tens digit of 6427?
2
What is the units digit of 55057?
7
What is the units digit of 641?
1
What is the hundreds digit of 238?
2
What is the tens digit of 18?
1
What is the hundreds digit of 13021?
0
What is the tens digit of 1856?
5
What is the thousands digit of 17754?
7
What is the units digit of 131298?
8
What is the t